{"id":6,"date":"2026-04-13T21:27:26","date_gmt":"2026-04-13T21:27:26","guid":{"rendered":"https:\/\/impresosamg.cl\/?page_id=6"},"modified":"2026-04-17T01:45:17","modified_gmt":"2026-04-17T01:45:17","slug":"one-page-express","status":"publish","type":"page","link":"https:\/\/impresosamg.cl\/","title":{"rendered":"Front Page"},"content":{"rendered":"<div  id=\"overlapable-2\" style=\"background-color: #ffffff;\" data-label=\"Overlapable\" data-id=\"stripped-coloured-icon-boxes\" data-category=\"overlapable\" class=\"features-coloured-icon-boxes-section\" data-overlap=\"true\"> <div  class=\"gridContainer\"> <div  class=\"features-coloured-icon-boxes-innerrow flexbox-list dark-text\" data-type=\"row\"> <div  class=\"features-coloured-icon-boxes-featurecol cp3cols\"> <div  class=\"features-coloured-icon-boxes-iconcontainer\" data-content-item-container=\"true\"> <i  data-cp-fa=\"true\" class=\"features-coloured-icon fa fa-bolt\"><\/i> <\/div> <h4  class=\"\">RAPIDEZ<\/h4> <p  class=\"\">Producci\u00f3n \u00e1gil para cumplir con los tiempos .Procesos optimizados que reducen tiempos sin afectar calidad.<\/p>  <\/div> <div  class=\"features-coloured-icon-boxes-featurecol cp3cols\"> <div  class=\"features-coloured-icon-boxes-iconcontainer\" data-content-item-container=\"true\"> <i  data-cp-fa=\"true\" class=\"features-coloured-icon fa fa-star-o\"><\/i> <\/div> <h4  class=\"\">CALIDAD<\/h4> <p  class=\"\">mpresi\u00f3n de alto nivel con terminaciones profesionales.<br >Materiales y procesos que aseguran resultados consisten<\/p>  <\/div> <div  class=\"features-coloured-icon-boxes-featurecol cp3cols\"> <div  class=\"features-coloured-icon-boxes-iconcontainer\" data-content-item-container=\"true\"> <i  data-cp-fa=\"true\" class=\"features-coloured-icon fa fa-check\"><\/i> <\/div> <h4  class=\"\">CUMPLIMIENTO<\/h4> <p  class=\"\">Entrega garantizada seg\u00fan lo acordado.<br >Compromiso real con plazos en cada proyecto.<\/p>  <\/div> <div  class=\"features-coloured-icon-boxes-featurecol cp3cols\"> <div  class=\"features-coloured-icon-boxes-iconcontainer\" data-content-item-container=\"true\"> <i  data-cp-fa=\"true\" class=\"features-coloured-icon fa fa-handshake-o\"><\/i> <\/div> <h4  class=\"\">CONFIANZA<\/h4> <p  class=\"\">Experiencia comprobada en trabajos corporativos.<br >Relaciones basadas en cumplimiento y resultados.<\/p>  <\/div> <\/div> <\/div><\/div><div  id=\"about-1\" style=\"background-color: #f6f6f6;\" data-label=\"About\" data-id=\"about-big-images-section\" data-category=\"about\" class=\"about-big-images-section\"> <div  class=\"gridContainer\"> <div  class=\"about-big-images-textrow\"> <div  class=\"about-big-images-textcol dynamic-color\" data-type=\"column\"> <h5  class=\"\">IMPRESION PROFESIONAL<\/h5> <h3  class=\"\">SOLUCIONES GRAFICAS PARA EMPRESAS CON RAPIDEZ, CALIDAD Y CUMPLIMIENTO<\/h3> <p  class=\"\">Desarrollamos carpetas, tr\u00edpticos, papeler\u00eda corporativa y material gr\u00e1fico con terminaciones profesionales, tiempos de respuesta \u00e1giles y resultados pensados para empresas y proyectos exigentes.<\/p> <a  class=\"button blue big\" href=\"#\" target=\"_self\">CONOCENOS<\/a> <\/div> <\/div> <\/div> <div  class=\"about-big-images-bottomrow\"> <div  class=\"about-big-images-leftimgcol\"><img  decoding=\"async\" class=\"about-big-images-leftimg\" src=\"https:\/\/impresosamg.cl\/wp-content\/uploads\/2026\/04\/ChatGPT-Image-13-abr-2026-06_18_36-p.m.png\" alt=\"\"> <\/div> <div  class=\"about-big-images-centerimgcol\"><img  decoding=\"async\" class=\"about-big-images-centerimg\" src=\"https:\/\/impresosamg.cl\/wp-content\/uploads\/2026\/04\/Prensa-de-impresion-en-accion.png\" alt=\"\"> <\/div> <div  class=\"about-big-images-rightimgcol\"><img  decoding=\"async\" class=\"about-big-images-rightimg\" src=\"https:\/\/impresosamg.cl\/wp-content\/uploads\/2026\/04\/Materiales-impresos-en-superficie-de-madera.png\" alt=\"\"> <\/div> <\/div> <\/div><div  id=\"content-3\" style=\"background-color: #ffffff;\" data-label=\"Content\" data-id=\"content-image-left\" data-category=\"content\" class=\"content-left-image-section\"> <div  class=\"gridContainer\"> <div  class=\"row\"> <div  class=\"content-left-image-imgcol\" data-type=\"column\"> <img  decoding=\"async\" src=\"https:\/\/impresosamg.cl\/wp-content\/uploads\/2026\/04\/Prensa-de-impresion-en-accion.png\" class=\"\" alt=\"\"> <\/div> <div  class=\"content-left-image-textcol dynamic-color\" data-type=\"column\"> <h2  class=\"\">Producci\u00f3n gr\u00e1fica profesional para empresas<\/h2> <p  class=\"large_text\">Desarrollamos material gr\u00e1fico corporativo con altos est\u00e1ndares de calidad, cumpliendo plazos exigentes y asegurando resultados consistentes en cada proyecto.<br >Desde papeler\u00eda institucional hasta material publicitario, trabajamos con procesos optimizados para entregar soluciones confiables y a gran escala.<\/p> <a  class=\"button blue\" href=\"https:\/\/impresosamg.cl?page_id=59#page-content\" target=\"_self\"> COTIZA AHORA <\/a> <\/div> <\/div> <\/div> <\/div><div  id=\"content-4\" style=\"background-color: #f6f6f6;\" data-label=\"Content\" data-id=\"content-image-right\" data-category=\"content\" class=\"content-right-image-section\"> <div  class=\"gridContainer\"> <div  class=\"content-right-image-gridcol\"> <div  class=\"content-right-image-textcol dynamic-color\" data-type=\"column\"> <h2  class=\"\">Material gr\u00e1fico que representa tu marca<\/h2> <p  class=\"large_text\">Dise\u00f1amos y producimos piezas gr\u00e1ficas pensadas para transmitir profesionalismo y coherencia visual en cada punto de contacto con tus clientes.<br >Cada impresi\u00f3n es una extensi\u00f3n directa de tu marca.<\/p> <a  class=\"button blue\" href=\"https:\/\/impresosamg.cl?page_id=59#page-content\" target=\"_self\"> COTIZA AHORA <\/a> <\/div> <div  class=\"content-right-image-imgcol\" data-type=\"column\"> <img  decoding=\"async\" src=\"https:\/\/impresosamg.cl\/wp-content\/uploads\/2026\/04\/Materiales-impresos-en-superficie-de-madera.png\" class=\"\" alt=\"\"> <\/div> <\/div> <\/div> <\/div><div  id=\"portfolio-2\" style=\"background-color: #ffffff;\" data-label=\"Portfolio\" data-id=\"portfolio-full-section\" data-category=\"portfolio\"> <div  class=\"portfolio-full-section\" data-type=\"row\"> <div  class=\"portfolio-full-projectco cp4cols cp4cols-tablet\"> <div  class=\"contentswap-effect ContentSwap103\" hover-fx=\"ContentSwap103\" id=\"ContentSwap103\"> <div  class=\"ContentSwap103_content initial-image\"><img  decoding=\"async\" class=\"portfolio-full-projectimg\" data-size=\"1200x800\" src=\"https:\/\/impresosamg.cl\/wp-content\/uploads\/2026\/04\/cropped-ChatGPT-Image-15-abr-2026-11_04_47-a.m.png\"> <\/div> <div  class=\"overlay\" style=\"display: block; opacity: 1;\"><\/div> <div  class=\"swap-inner\" style=\"opacity: 1; display: block;\"> <div  class=\"ContentSwap103-center\"> <h4  class=\"protfolio-full-itemtitle\">Papeler\u00eda corporativa<\/h4><a  class=\"button yellow\" href=\"https:\/\/impresosamg.cl?page_id=59#page-content\" target=\"_self\">COTIZA AHORA<\/a> <\/div> <\/div> <\/div> <\/div> <div  class=\"portfolio-full-projectco cp4cols cp4cols-tablet\"> <div  class=\"contentswap-effect ContentSwap103\" hover-fx=\"ContentSwap103\" id=\"ContentSwap103\" is-hovered=\"1\"> <div  class=\"ContentSwap103_content initial-image\"><img  decoding=\"async\" class=\"portfolio-full-projectimg\" data-size=\"1200x800\" src=\"https:\/\/impresosamg.cl\/wp-content\/uploads\/2026\/04\/cropped-ChatGPT-Image-15-abr-2026-11_08_23-a.m.png\"> <\/div> <div  class=\"overlay\" style=\"display: block; opacity: 1;\"><\/div> <div  class=\"swap-inner\" style=\"opacity: 1; display: block;\"> <div  class=\"ContentSwap103-center\"> <h4  class=\"protfolio-full-itemtitle\">Material publicitario<\/h4><a  class=\"button yellow\" href=\"https:\/\/impresosamg.cl?page_id=59#page-content\" target=\"_self\">COTIZA AHORA<\/a> <\/div> <\/div> <\/div> <\/div> <div  class=\"portfolio-full-projectco cp4cols cp4cols-tablet\"> <div  class=\"contentswap-effect ContentSwap103\" hover-fx=\"ContentSwap103\" id=\"ContentSwap103\" is-hovered=\"1\"> <div  class=\"ContentSwap103_content initial-image\"><img  decoding=\"async\" class=\"portfolio-full-projectimg\" data-size=\"1200x800\" src=\"https:\/\/impresosamg.cl\/wp-content\/uploads\/2026\/04\/cropped-ChatGPT-Image-15-abr-2026-11_14_41-a.m.png\"> <\/div> <div  class=\"overlay\" style=\"display: block; opacity: 1;\"><\/div> <div  class=\"swap-inner\" style=\"opacity: 1; display: block;\"> <div  class=\"ContentSwap103-center\"> <h4  class=\"protfolio-full-itemtitle\">Producci\u00f3n gran formato<\/h4><a  class=\"button yellow\" href=\"https:\/\/impresosamg.cl?page_id=59#page-content\" target=\"_self\">COTIZA AHORA<\/a> <\/div> <\/div> <\/div> <\/div><\/div><\/div><div  id=\"cta-1\" data-label=\"Call to action\" data-id=\"cta-blue-section\" data-category=\"cta\" class=\"cta-blue-section\"> <div  class=\"gridContainer\"> <div  class=\"flexbox-list flexbox-list-align-center row\"> <div  class=\"cta-blue-textcol dynamic-color\"> <h2  class=\"cta-blue-text\"> <b  class=\"element2\"> CONTACTANOS .&nbsp;<\/b>Estamos para apoyarte<\/h2> <\/div> <div  class=\"cta-blue-btncol\"> <a  class=\"button big yellow dark-text\" href=\"#\" target=\"_self\"> CONOCENOS <\/a> <\/div> <\/div> <\/div> <\/div><div  data-label=\"Clients\" data-id=\"clients-strip-section\" data-category=\"clients\" class=\"clients-strip-section\" id=\"clients-2\" style=\"background-color: rgb(246, 246, 246);\"> <div  class=\"row_187\" data-type=\"row\" data-add-content=\"false\"> <div  class=\"clients-strip-itemcol cp2cols\"> <div  class=\"middle_align1\"><a  href=\"#\"><img decoding=\"async\"  class=\"clients-strip-itemimg\" src=\"https:\/\/impresosamg.cl\/wp-content\/uploads\/2026\/04\/LOGOPARATEMA.png\"><\/a> <\/div> <\/div> <div  class=\"clients-strip-itemcol cp2cols\"> <div  class=\"middle_align1\"><a  href=\"#\" target=\"_self\"><img decoding=\"async\"  class=\"clients-strip-itemimg\" src=\"https:\/\/impresosamg.cl\/wp-content\/uploads\/2026\/04\/nuestra-foto.jpg\"><\/a> <\/div> <\/div> <div  class=\"clients-strip-itemcol cp2cols\"> <div  class=\"middle_align1\"><a  href=\"#\"><img decoding=\"async\"  class=\"clients-strip-itemimg\" src=\"https:\/\/impresosamg.cl\/wp-content\/uploads\/2026\/04\/Logo_Clinica_Alemana_de_Santiago.svg_-scaled.png\"><\/a> <\/div> <\/div> <div  class=\"clients-strip-itemcol cp2cols\"> <div  class=\"middle_align1\"><a  href=\"#\"><img decoding=\"async\"  class=\"clients-strip-itemimg\" src=\"https:\/\/impresosamg.cl\/wp-content\/uploads\/2026\/04\/logo.png\"><\/a> <\/div> <\/div> <div  class=\"clients-strip-itemcol cp2cols\"> <div  class=\"middle_align1\"><a  href=\"#\"><img decoding=\"async\"  class=\"clients-strip-itemimg\" src=\"https:\/\/impresosamg.cl\/wp-content\/uploads\/2026\/04\/logo-red-salud.png\"><\/a> <\/div> <\/div> <div  class=\"clients-strip-itemcol cp2cols\"> <div  class=\"middle_align1\"><a  href=\"#\"><img decoding=\"async\"  class=\"clients-strip-itemimg\" src=\"https:\/\/impresosamg.cl\/wp-content\/uploads\/2026\/04\/ypf-logos-download-new-kb-home-logo-new-home-depot-logo-de-ypf-115633664714bkegfkszu.png\"><\/a> <\/div> <\/div> <\/div><\/div><div  id=\"numbers\" data-label=\"Numbers\" data-id=\"numbers-section\" data-category=\"numbers\" data-bg=\"transparent\" class=\"numbers-section\" data-parallax-depth=\"20\"> <div  class=\"gridContainer dynamic-color\"> <div  class=\"numbers-itemcol\"> <h2  class=\"numbers-numbertext\">+500<\/h2> <h3  class=\"numbers-titletext\">PROYECTOS<\/h3> <\/div> <div  class=\"numbers-itemcol\"> <h2  class=\"numbers-numbertext\">75340<\/h2> <h3  class=\"numbers-titletext\">HORAS DE TRABAJO<\/h3> <\/div> <div  class=\"numbers-itemcol-last\"> <h2  class=\"numbers-numbertext\">+10<\/h2> <h3  class=\"numbers-titletext\">EMPLEADOS<\/h3> <\/div> <\/div><\/div><div  id=\"contact-4\" data-label=\"Contact\" data-id=\"contact-section\" data-category=\"contact\" data-bg=\"transparent\" class=\"contact-section-formsection white-text\"> <div  class=\"gridContainer\"> <div  class=\"row_224\"> <div  class=\"contact-textrow\"> <div  class=\"contact-textcol dynamic-color\"> <h2  class=\"\">\u00bfPOR QU\u00c9&nbsp; IMPRESOS AMG?<\/h2> <p  class=\"white_text\">No solo imprimimos, respondemos como partner gr\u00e1fico para tu empresa.<br >Combinamos experiencia, procesos eficientes y control de calidad en cada etapa, asegurando resultados consistentes y entregas confiables, incluso en proyectos exigentes y de gran volumen.<\/p> <\/div> <\/div> <\/div> <div  class=\"contact-formcol\" data-content-shortcode=\"one_page_express_contact_form shortcode=&quot;contact-form-7 id=&amp;amp;quot;468ab5b&amp;amp;quot; title=&amp;amp;quot;Formulario de contacto 1&amp;amp;quot;&quot;\" data-editable=\"true\">\n<div class=\"wpcf7 no-js\" id=\"wpcf7-f8-o1\" lang=\"es-ES\" dir=\"ltr\" data-wpcf7-id=\"8\">\n<div class=\"screen-reader-response\"><p role=\"status\" aria-live=\"polite\" aria-atomic=\"true\"><\/p> <ul><\/ul><\/div>\n<form action=\"\/index.php?rest_route=%2Fwp%2Fv2%2Fpages%2F6#wpcf7-f8-o1\" method=\"post\" class=\"wpcf7-form init\" aria-label=\"Formulario de contacto\" novalidate=\"novalidate\" data-status=\"init\">\n<fieldset class=\"hidden-fields-container\"><input type=\"hidden\" name=\"_wpcf7\" value=\"8\" \/><input type=\"hidden\" name=\"_wpcf7_version\" value=\"6.1.5\" \/><input type=\"hidden\" name=\"_wpcf7_locale\" value=\"es_ES\" \/><input type=\"hidden\" name=\"_wpcf7_unit_tag\" value=\"wpcf7-f8-o1\" \/><input type=\"hidden\" name=\"_wpcf7_container_post\" value=\"0\" \/><input type=\"hidden\" name=\"_wpcf7_posted_data_hash\" value=\"\" \/>\n<\/fieldset>\n<p><label> Tu nombre<br \/>\n<span class=\"wpcf7-form-control-wrap\" data-name=\"your-name\"><input size=\"40\" maxlength=\"400\" class=\"wpcf7-form-control wpcf7-text wpcf7-validates-as-required\" autocomplete=\"name\" aria-required=\"true\" aria-invalid=\"false\" value=\"\" type=\"text\" name=\"your-name\" \/><\/span> <\/label>\n<\/p>\n<p><label> Tu correo electr\u00f3nico<br \/>\n<span class=\"wpcf7-form-control-wrap\" data-name=\"your-email\"><input size=\"40\" maxlength=\"400\" class=\"wpcf7-form-control wpcf7-email wpcf7-validates-as-required wpcf7-text wpcf7-validates-as-email\" autocomplete=\"email\" aria-required=\"true\" aria-invalid=\"false\" value=\"\" type=\"email\" name=\"your-email\" \/><\/span> <\/label>\n<\/p>\n<p><label> Asunto<br \/>\n<span class=\"wpcf7-form-control-wrap\" data-name=\"your-subject\"><input size=\"40\" maxlength=\"400\" class=\"wpcf7-form-control wpcf7-text wpcf7-validates-as-required\" aria-required=\"true\" aria-invalid=\"false\" value=\"\" type=\"text\" name=\"your-subject\" \/><\/span> <\/label>\n<\/p>\n<p><label> Tu mensaje (opcional)<br \/>\n<span class=\"wpcf7-form-control-wrap\" data-name=\"your-message\"><textarea cols=\"40\" rows=\"10\" maxlength=\"2000\" class=\"wpcf7-form-control wpcf7-textarea\" aria-invalid=\"false\" name=\"your-message\"><\/textarea><\/span> <\/label>\n<\/p>\n<p><input class=\"wpcf7-form-control wpcf7-submit has-spinner\" type=\"submit\" value=\"Enviar\" \/>\n<\/p><div class=\"wpcf7-response-output\" aria-hidden=\"true\"><\/div>\n<\/form>\n<\/div>\n<\/div> <\/div><\/div>","protected":false},"excerpt":{"rendered":"<p>RAPIDEZ Producci\u00f3n \u00e1gil para cumplir con los tiempos .Procesos optimizados que reducen tiempos sin afectar calidad. CALIDAD mpresi\u00f3n de alto nivel con terminaciones profesionales.Materiales y procesos que aseguran resultados consisten CUMPLIMIENTO Entrega garantizada seg\u00fan lo acordado.Compromiso real con plazos en cada proyecto. CONFIANZA Experiencia comprobada en trabajos corporativos.Relaciones basadas en cumplimiento y resultados. IMPRESION PROFESIONAL&hellip; <br \/> <a class=\"button small blue\" href=\"https:\/\/impresosamg.cl\/?p=1\">Leer m\u00e1s<\/a><\/p>\n","protected":false},"author":1,"featured_media":0,"parent":0,"menu_order":0,"comment_status":"closed","ping_status":"closed","template":"","meta":{"footnotes":""},"class_list":["post-6","page","type-page","status-publish","hentry"],"_links":{"self":[{"href":"https:\/\/impresosamg.cl\/index.php?rest_route=\/wp\/v2\/pages\/6","targetHints":{"allow":["GET"]}}],"collection":[{"href":"https:\/\/impresosamg.cl\/index.php?rest_route=\/wp\/v2\/pages"}],"about":[{"href":"https:\/\/impresosamg.cl\/index.php?rest_route=\/wp\/v2\/types\/page"}],"author":[{"embeddable":true,"href":"https:\/\/impresosamg.cl\/index.php?rest_route=\/wp\/v2\/users\/1"}],"replies":[{"embeddable":true,"href":"https:\/\/impresosamg.cl\/index.php?rest_route=%2Fwp%2Fv2%2Fcomments&post=6"}],"version-history":[{"count":10,"href":"https:\/\/impresosamg.cl\/index.php?rest_route=\/wp\/v2\/pages\/6\/revisions"}],"predecessor-version":[{"id":93,"href":"https:\/\/impresosamg.cl\/index.php?rest_route=\/wp\/v2\/pages\/6\/revisions\/93"}],"wp:attachment":[{"href":"https:\/\/impresosamg.cl\/index.php?rest_route=%2Fwp%2Fv2%2Fmedia&parent=6"}],"curies":[{"name":"wp","href":"https:\/\/api.w.org\/{rel}","templated":true}]}}